highest common factor of x and a.
19
Let h be 644/18 - (-4)/18. Let f be 5780/30 - 46/69. Calculate the greatest common divisor of h and f.
12
Suppose 5*s = 3*q - 391, 17*q - 19*q + s = -263. Let w be ((-2)/5)/((-9)/540). Calculate the greatest common divisor of q and w.
12
Suppose 10380 - 10209 = x. What is the highest common factor of 21 and x?
3
Let n(w) = -6*w**2 + 225*w - 72. Let j be n(36). What is the highest common factor of 98 and j?
14
Suppose 0 = 4*t + 3*a - 29 - 39, 3*t - 4*a = 76. Suppose -3*q + 76 + t = 0. What is the greatest common factor of q and 224?
32
Let n be ((0 + 3 + -3)/2)/(-3). Let z be (-9 - -2 - -54) + n + -2. Calculate the highest common divisor of z and 5.
5
Suppose -70 = -2*j + j. Let t be (-13)/(546/12) + 1188/(-7). Let f = -160 - t. Calculate the highest common factor of j and f.
10
Suppose -46889 = -8*q - 5*d, 0 = -4*q + 5*d - 4*d + 23455. Calculate the greatest common divisor of 286 and q.
143
Suppose 0 = 2*j + 5*t - 0*t - 10, 2*t - 25 = -5*j. Suppose 0 = j*u - 4*u - 75. Calculate the highest common divisor of 10 and u.
5
Let m(d) = 12*d**2 + 88*d + 784. Let x be m(-8). What is the highest common divisor of 5300 and x?
212
Let w = -116 - -121. Suppose 5*t - k = 45, -4*k + 18 + 52 = w*t. Calculate the greatest common divisor of t and 4.
2
Let v be (1/2)/(-1)*80. Suppose -13*l + 370 = 526. Let x be l/(-15)*-1*v. Calculate the greatest common divisor of x and 128.
32
Suppose 46 + 299 = 5*s. Let n = 87 - s. Calculate the highest common factor of n and 18.
18
Let m(i) = i**3 + 10*i**2 + 5*i + 10. Let y be m(-6). Calculate the greatest common factor of 1581 and y.
31
Suppose -4*c + 202 = 2*j, 20*c - j - 111 = 18*c. What is the greatest common divisor of 371 and c?
53
Suppose -2*t - 58*u + 136 = -62*u, 0 = 3*t + 5*u - 292. Calculate the highest common divisor of t and 1134.
42
Let l = 2 + 5. Suppose 0 = -l*z + 11 + 3. Let p(t) = 21*t**3 - 2*t**2 + t + 3. Let o be p(z). Calculate the greatest common divisor of 66 and o.
33
Let f(k) = -k**2 + 3*k - 188. Let b be f(0). Let o = b - -194. Let c be 4/3*(-3)/(-2). What is the highest common divisor of o and c?
2
Suppose -f - 42 + 47 = 0. Let a be 1 + f - 7/7. Calculate the greatest common factor of a and 135.
5
Suppose -d - 2*i - 3 = i, -i - 8 = -2*d. Suppose 6*s - 85 = 3*s - 5*l, s = -d*l + 23. Let y = 1288 - 1281. Calculate the highest common divisor of s and y.
7
Suppose 42*v - 103 = -5*b + 39*v, b + 3*v = 23. Calculate the greatest common divisor of b and 820.
20
Let k be (-6)/(11 + 1)*0. Suppose 2*q - 86 = -y + 102, k = 3*q + 6. Calculate the highest common divisor of y and 6.
6
Suppose 5*p = 2*h - 751, 4*h + 2*p - 624 - 866 = 0. Let w = -142 + h. What is the highest common divisor of 66 and w?
33
Let l(g) = g**3 - 10*g**2 - 20*g - 45. Let x be l(12). Suppose -2*m + 5*n = -495, -5*m + 1281 = x*n - n. Calculate the highest common factor of m and 45.
15
Let x = 95 + -95. Suppose x = -2*c - 3*c + 150. Let a = -87 - -162. What is the greatest common factor of a and c?
15
Suppose 0 = -211*w - 168*w + 2410440. What is the highest common divisor of w and 240?
120
Let o be 1*20/((-140)/(-833)). Calculate the greatest common divisor of o and 9639.
119
Let k = 143 + 202. Let f be k/46*16/6. What is the greatest common divisor of 340 and f?
20
Let t = 39304 - 39265. Suppose -y - 2145 = -6*y. What is the greatest common factor of t and y?
39
Let m = -9 + 11. Suppose -5*d + m*d = 6. Let t be (d - -1)/((3 - -2)/(-840)). Calculate the greatest common divisor of 21 and t.
21
Suppose 5*r - 2*r = 2*d + 109, -2*d = -r + 47. What is the greatest common factor of 14477 and r?
31
Let l be 8/(-10)*-5 - 4. Let a be 0 - -73 - (3 - l)/3. What is the greatest common divisor of a and 8?
8
Let q be -1*(-2 - -1) - -7. Let h(a) = 6*a**2 + 27*a - 1. Let b be h(-5). Suppose b*m = 11 + 17. Calculate the greatest common factor of q and m.
2
Suppose 6*z + 479 = u + z, -3*z = -5*u + 2307. Suppose 8*t - u = -t. Suppose 2*p - 128 = -2*o + 82, 0 = -o + 3. What is the highest common factor of t and p?
51
Suppose -4*v + 33 = 3*g, 11*g + 3*v - 30 = 8*g. Calculate the greatest common divisor of 12 and g.
1
Let z(u) = -11*u - 36. Let k be z(-4). Suppose 0 = -0*a - 5*a + 4*c + 364, -3*c - 219 = -3*a. Calculate the highest common factor of a and k.
8
Let c(s) = 119*s + 21. Let x = -424 - -429. Let u be c(x). Calculate the highest common factor of 88 and u.
88
Suppose 2*y - 42 = -4*b, -2*y = -2*b - 14 + 50. Let f be 161/6 - (b/(-6) - -2). Let x be (55/22 - (1 - 3))*4. Calculate the greatest common factor of f and x.
9
Let t(g) = 10*g**2 + 709*g - 76. Let u be t(-71). Let d(p) = 3*p - 5*p + 4*p + p**2 - 11. Let i be d(u). What is the highest common divisor of 1 and i?
1
Let z = 708 - 648. Suppose -4*b + 116 = -4. What is the highest common factor of b and z?
30
Let o = -62 - -121. Let r = o - -14. Suppose -4*u = -3*x - 151, 2*u - r = -2*x + x. Calculate the greatest common factor of 296 and u.
37
Suppose -199*j = -200*j + 1189. What is the greatest common factor of j and 116?
29
Suppose 7*x + 3*n - 7 = 9*x, -4*x - 18 = -2*n. Let i be (-1555)/(-30) + x/(-30). Let m be 325*(1 + (-12)/20). Calculate the greatest common factor of i and m.
26
Let q = 210 + -205. Let i be q/((-5)/(-24)) + -1. What is the greatest common divisor of i and 253?
23
Let p(s) = 4*s**3 - 30*s**2 + 24*s + 24. Let w be p(7). What is the highest common divisor of w and 6016?
94
Let m = 180396 + -180222. Let n be 2/4 - (-1042)/4. Calculate the greatest common factor of n and m.
87
Suppose -2*j = -5*j - 306. Let b = -32 - j. Let s = b - 54. Calculate the greatest common factor of 16 and s.
16
Let s(r) = -62*r + 484. Let t be s(7). What is the highest common divisor of 3 and t?
1
Let u be 2 - 0 - (2/(-18))/(33/297). Calculate the highest common factor of 8 and u.
1
Let t(o) = 3*o**2 + 71*o + 944. Let y be t(-13). What is the greatest common factor of 72 and y?
24
Let v = -3974 - -5665. Calculate the highest common divisor of 38 and v.
19
Suppose -d + 4 = -30. Suppose 5*g - 36 = d. Suppose -l + 18 = -4*b, -4*b = l - 2*b - 12. Calculate the highest common divisor of g and l.
14
Suppose -745 = -13*u - 277. What is the greatest common divisor of 5688 and u?
36
Let h(p) = 18*p - 6*p + 12*p - 146 + 8*p. Let o be h(8). Calculate the greatest common divisor of o and 66.
22
Suppose 0 = 3*r + 7*k - 6*k + 3, -3 = -4*r + k. Suppose 0 = -4*z - 2*q + 10, 0 = -5*z - r*z + 3*q - 4. Calculate the greatest common divisor of z and 3.
1
Suppose -3*s + 207 = -p, -1596*s + 1592*s + 5*p = -265. Suppose -52 = -5*i + 18. What is the greatest common divisor of i and s?
14
Let x be (-19 + 284/20)*15/(-6). What is the greatest common divisor of x and 204?
12
Let o be (-1)/(-1 + 1/2). Suppose 4*c = o*p - 68, -4*c = 5 - 1. Suppose 4*y + r = 2 + 6, -4*y = -5*r - p. What is the greatest common divisor of y and 3?
3
Suppose 0 = -6*w + h + 172 + 71, -h = -9. Suppose -2*s = 3*s - 30. What is the highest common factor of s and w?
6
Suppose -94*j + 26884 = -83*j. Calculate the highest common factor of 52 and j.
52
Suppose -4*u = -c - 6647, -97*c + 8265 = 5*u - 92*c. What is the highest common divisor of 100 and u?
20
Suppose 0 = -4*b - 562*w + 564*w + 22902, 5736 = b + 3*w. Calculate the greatest common divisor of 69 and b.
69
Let s = -225 - -230. Suppose s*f - 617 = 3*f + d, -2*d = 4*f - 1230. What is the highest common factor of 28 and f?
28
Suppose -7*u = -33 - 9. Suppose u*p = 671 + 19. Suppose 2*s + 4*t - 80 = 0, 5*s - 5*t - 379 + 134 = 0. What is the greatest common factor of p and s?
23
Let t(x) = x**2 - 5*x - 6. Let u be t(7). Suppose u = 5*m - m. Let v be (-2)/(24/(-10) - m/(-5)). Calculate the greatest common divisor of 9 and v.
1
Let b = -2561 - -2813. What is the highest common factor of b and 8064?
252
Let z = 1340 - 992. Calculate the highest common factor of 180 and z.
12
Let y(l) be the third derivative of l**6/120 - l**5/20 - 5*l**4/24 + 7*l**3/3 + 14*l**2 + l. Let z be y(6). Calculate the greatest common divisor of 4 and z.
4
Suppose 0 = 20*h - 7487 + 6987. What is the highest common factor of h and 53?
1
Let b = -274 + 439. Let d = b - 156. Suppose -564 = -4*g - 168. What is the highest common divisor of g and d?
9
Let m(f) be the first derivative of -2*f + 32 - 17